{"id":44,"date":"2025-11-25T11:02:57","date_gmt":"2025-11-25T11:02:57","guid":{"rendered":"http:\/\/www.llardinfantsloreneta.cat\/?page_id=44"},"modified":"2026-04-29T09:01:05","modified_gmt":"2026-04-29T09:01:05","slug":"serveis-i-horaris","status":"publish","type":"page","link":"http:\/\/www.llardinfantsloreneta.cat\/index.php\/serveis-i-horaris\/","title":{"rendered":"SERVEIS I HORARIS"},"content":{"rendered":"\n<p>La nostra llar est\u00e0 oberta 11 mesos a l\u2019any de Setembre a Juliol ambd\u00f3s inclosos . El nostre horari \u00e9s 8:00 a 16.30 hores de dilluns a divendres , durant el curs escolar i durant els dies de casal i el mes de juliol el nostre horari \u00e9s de 8:00 a 14:00 hores.<\/p>\n\n\n\n<p class=\"has-black-color has-light-green-cyan-to-vivid-green-cyan-gradient-background has-text-color has-background has-link-color has-medium-font-size wp-elements-7ed09c718a1357b9b8000fff02cd75c3\">1.<strong> SERVEI DE MENJADOR<\/strong><\/p>\n\n\n\n<p>El servei de menjador a la nostra escola \u00e9s fa amb carmanyoles que porten els pares . El preu e \u00e9s de 3\u20ac diaris pel servei de monitoratge.<\/p>\n\n\n\n<p class=\"has-light-green-cyan-to-vivid-green-cyan-gradient-background has-background has-medium-font-size\">2. <strong>SERVEI DE CASAL PER VACANCES<\/strong><\/p>\n\n\n\n<p>Durant el per\u00edode de vacances de Setmana Santa fem uns dies de Casals, amb un horari diferent, de 8 a 14 hores.&nbsp; Aquests dies de casals no \u00e9s paguen a part est\u00e0 incl\u00f2s amb les mensualitats de la llar.<\/p>\n\n\n\n<p class=\"has-light-green-cyan-to-vivid-green-cyan-gradient-background has-background has-medium-font-size\">3. <strong>PREUS<\/strong><\/p>\n\n\n\n<p><\/p>\n\n\n\n<p>Matr\u00edcula : 40\u20ac<\/p>\n\n\n\n<p>Les quotes a abonar s\u00f3n onze, de setembre a juliol .<br>Quota mensual : 135 \u20ac<\/p>\n\n\n\n<p>Quota mensual familia monoparental : 110\u20ac<br><\/p>\n\n\n\n<p class=\"has-light-green-cyan-to-vivid-green-cyan-gradient-background has-background has-medium-font-size\">4. <strong>CALENDARI ESCOLAR CURS 2025-2026<\/strong><\/p>\n\n\n\n<figure class=\"wp-block-table is-style-stripes has-small-font-size\"><table class=\"has-fixed-layout\"><tbody><tr><td>8 de Septembre<\/td><td>Inici classes amb alumnes<\/td><\/tr><tr><td>11 de Setembre<\/td><td>Dia festiu ( Diada de Catalunya)<\/td><\/tr><tr><td>12 d&#8217;octubre<\/td><td>Dia festiu <\/td><\/tr><tr><td>8 de Desembre<\/td><td>Dia festiu ( la Purissima)<\/td><\/tr><tr><td>22 de Desembre<\/td><td>Inici vacances de Nadal<\/td><\/tr><tr><td>7 de Gener<\/td><td>Inici de les classes<\/td><\/tr><tr><td><strong>CASAL SETMANA SANTA<\/strong><\/td><td><\/td><\/tr><tr><td><strong>Dies que treballem<\/strong><\/td><td>22, 23 , 24 i 25 de mar\u00e7.<\/td><\/tr><tr><td>26 de mar\u00e7<\/td><td>&nbsp;Dia festiu ( divendres Sant)<\/td><\/tr><tr><td>29 de Mar\u00e7<\/td><td>Dia festiu ( Pasqua Florida)<\/td><\/tr><tr><td>23 d\u2019Abril<\/td><td>Festa Local<\/td><\/tr><tr><td>24 de Juny<\/td><td>Dia festiu Sant Juan<\/td><\/tr><tr><td>16 de Juliol<\/td><td>Acabament de les classes ,curs escolar<\/td><\/tr><\/tbody><\/table><figcaption class=\"wp-element-caption\">Aquest Calendari Escolar \u00e9s orientatiu , fins l\u2019aprovaci\u00f3 pel Consell Escolar del definitiu , i falta segur 4 dies de lliure disposici\u00f3 de centre que seran els que facin els altres centres educatius del municipi.<\/figcaption><\/figure>\n\n\n\n<hr class=\"wp-block-separator has-alpha-channel-opacity is-style-wide\"\/>\n\n\n\n<p class=\"has-text-align-left has-light-green-cyan-to-vivid-green-cyan-gradient-background has-background has-medium-font-size\"><strong>5.<\/strong> <strong>HORARI ATENCI\u00d3 ALUMNES&nbsp;<\/strong><\/p>\n\n\n\n<div class=\"wp-block-columns is-layout-flex wp-container-core-columns-is-layout-9d6595d7 wp-block-columns-is-layout-flex\">\n<div class=\"wp-block-column is-layout-flow wp-block-column-is-layout-flow\" style=\"flex-basis:100%\">\n<div class=\"wp-block-group\"><div class=\"wp-block-group__inner-container is-layout-constrained wp-block-group-is-layout-constrained\">\n<figure class=\"wp-block-table is-style-stripes\"><table class=\"has-fixed-layout\"><tbody><tr><td><strong>HORARI DURANT EL CURS ESCOLAR 2026\/2027<\/strong><\/td><td><\/td><\/tr><tr><td>De dilluns a divendres<\/td><td>De les 8:00 a les 12:30 hores &nbsp;<br>De les 15 :00 a les 16.30 hores<\/td><\/tr><tr><td>Del 8 al 15 de setembre<\/td><td>De 9:00 a les 11:00 hores<br> ( per\u00edode adaptaci\u00f3 )<\/td><\/tr><tr><td>21 de desembre \u00abcaga Ti\u00f3 \u00ab(jornada <br>intensiva )<br><br><\/td><td>De les 8:00 a les 14:00 hores<br><br><\/td><\/tr><tr><td>23 de juny revetlla Sant Joan ( jornada <br>intensiva )<\/td><td>De les 8:00 a les 14:00 hores<\/td><\/tr><tr><td><\/td><td><\/td><\/tr><tr><td><br><strong>HORARI EN PERIODES DE VACANCES<br>DEL CURS ESCOLAR<\/strong><\/td><td><\/td><\/tr><tr><td>Vacances de Setmana Santa ( jornada <br>intensiva )<\/td><td>De les 8:00 a les 14:00 hores<\/td><\/tr><tr><td>Del 1 al 16 de juliol<\/td><td>De les 8:00 a les 14:00 hores<\/td><\/tr><\/tbody><\/table><\/figure>\n<\/div><\/div>\n<\/div>\n<\/div>\n\n\n\n<p><\/p>\n","protected":false},"excerpt":{"rendered":"<p>La nostra llar est\u00e0 oberta 11 mesos a l\u2019any de Setembre a Juliol ambd\u00f3s inclosos . El nostre horari \u00e9s 8:00 a 16.30 hores de dilluns a divendres , durant el curs escolar i durant els dies de casal i &hellip; <a href=\"http:\/\/www.llardinfantsloreneta.cat\/index.php\/serveis-i-horaris\/\">Sigue leyendo <span class=\"meta-nav\">&rarr;<\/span><\/a><\/p>\n","protected":false},"author":1,"featured_media":105,"parent":0,"menu_order":0,"comment_status":"closed","ping_status":"closed","template":"","meta":{"footnotes":""},"class_list":["post-44","page","type-page","status-publish","has-post-thumbnail","hentry"],"_links":{"self":[{"href":"http:\/\/www.llardinfantsloreneta.cat\/index.php\/wp-json\/wp\/v2\/pages\/44","targetHints":{"allow":["GET"]}}],"collection":[{"href":"http:\/\/www.llardinfantsloreneta.cat\/index.php\/wp-json\/wp\/v2\/pages"}],"about":[{"href":"http:\/\/www.llardinfantsloreneta.cat\/index.php\/wp-json\/wp\/v2\/types\/page"}],"author":[{"embeddable":true,"href":"http:\/\/www.llardinfantsloreneta.cat\/index.php\/wp-json\/wp\/v2\/users\/1"}],"replies":[{"embeddable":true,"href":"http:\/\/www.llardinfantsloreneta.cat\/index.php\/wp-json\/wp\/v2\/comments?post=44"}],"version-history":[{"count":21,"href":"http:\/\/www.llardinfantsloreneta.cat\/index.php\/wp-json\/wp\/v2\/pages\/44\/revisions"}],"predecessor-version":[{"id":248,"href":"http:\/\/www.llardinfantsloreneta.cat\/index.php\/wp-json\/wp\/v2\/pages\/44\/revisions\/248"}],"wp:featuredmedia":[{"embeddable":true,"href":"http:\/\/www.llardinfantsloreneta.cat\/index.php\/wp-json\/wp\/v2\/media\/105"}],"wp:attachment":[{"href":"http:\/\/www.llardinfantsloreneta.cat\/index.php\/wp-json\/wp\/v2\/media?parent=44"}],"curies":[{"name":"wp","href":"https:\/\/api.w.org\/{rel}","templated":true}]}}