{"id":42,"date":"2025-11-25T10:53:09","date_gmt":"2025-11-25T10:53:09","guid":{"rendered":"http:\/\/www.llardinfantsloreneta.cat\/?page_id=42"},"modified":"2026-04-14T14:05:44","modified_gmt":"2026-04-14T14:05:44","slug":"els-espais","status":"publish","type":"page","link":"http:\/\/www.llardinfantsloreneta.cat\/index.php\/els-espais\/","title":{"rendered":"ELS ESPAIS"},"content":{"rendered":"\n<p class=\"has-medium-font-size\"><\/p>\n\n\n\n<ul class=\"wp-block-list\">\n<li class=\"has-text-color has-link-color has-medium-font-size wp-elements-b64fd41ad0987d3ddd35fde9b5cf5451\" style=\"color:#a13f3f\">1. LES CLASSES:<\/li>\n<\/ul>\n\n\n\n<p class=\"has-black-color has-text-color has-link-color wp-elements-2cdaf394ab8e259485f73045437e0adc\">Totes les nostres classes s\u00f3n molt amplies i il\u2022luminades, cada classe fa 53, 60 m2 i a m\u00e9s 6 m2 per l\u2019espai dels canviadors. Totes les classes disposen d\u2019espai diferenciat pel canviador amb w\u00e0ters i piques per rentar-se ,I totes tenen sortida directa al pati i a m\u00e9s la classe destinada als nadons disposa tamb\u00e9 d\u2019un espai separat pel descans.<br>A les classes distribu\u00efm l\u2019espai per racons de joc, adaptant aquests a les caracter\u00edstiques de l\u2019edat dels infants de cada grup. Les joguines i materials de les classes es van renovant a mida que les necessitats dels infants ho requereixen, oferint als nens i nenes materials i joguines ben variades per tal de cobrir els seus interessos.<\/p>\n\n\n\n<figure class=\"wp-block-image size-large\"><img loading=\"lazy\" decoding=\"async\" width=\"1024\" height=\"768\" src=\"http:\/\/www.llardinfantsloreneta.cat\/wp-content\/uploads\/2026\/04\/WhatsApp-Image-2026-04-13-at-17.18.59-1024x768.jpeg\" alt=\"\" class=\"wp-image-181\" srcset=\"http:\/\/www.llardinfantsloreneta.cat\/wp-content\/uploads\/2026\/04\/WhatsApp-Image-2026-04-13-at-17.18.59-1024x768.jpeg 1024w, http:\/\/www.llardinfantsloreneta.cat\/wp-content\/uploads\/2026\/04\/WhatsApp-Image-2026-04-13-at-17.18.59-300x225.jpeg 300w, http:\/\/www.llardinfantsloreneta.cat\/wp-content\/uploads\/2026\/04\/WhatsApp-Image-2026-04-13-at-17.18.59-768x576.jpeg 768w, http:\/\/www.llardinfantsloreneta.cat\/wp-content\/uploads\/2026\/04\/WhatsApp-Image-2026-04-13-at-17.18.59-1536x1152.jpeg 1536w, http:\/\/www.llardinfantsloreneta.cat\/wp-content\/uploads\/2026\/04\/WhatsApp-Image-2026-04-13-at-17.18.59-400x300.jpeg 400w, http:\/\/www.llardinfantsloreneta.cat\/wp-content\/uploads\/2026\/04\/WhatsApp-Image-2026-04-13-at-17.18.59.jpeg 1600w\" sizes=\"auto, (max-width: 1024px) 100vw, 1024px\" \/><\/figure>\n\n\n\n<div class=\"wp-block-group\"><div class=\"wp-block-group__inner-container is-layout-constrained wp-block-group-is-layout-constrained\">\n<p>CLASSE DELS ELEFANTS &nbsp;Aquesta \u00e9s la classe dels m\u00e9s petits de l\u2019escola. Els nens i nenes que tenen entre 4 mesos i 1 any d\u2019edat. Aquesta classe disposa a m\u00e9s am\u00e9s de l\u2019 espai amb el canviador un espai separat pel descans .<\/p>\n<\/div><\/div>\n\n\n\n<p>CLASSES OSSOS PANDA:&nbsp;Aquesta \u00e9s la classe dels nens i nenes que tenen entre 1 i 2 anys d\u2019edat.<\/p>\n\n\n\n<p>CLASSE LLEONS I CLASSE TIGRES :&nbsp;Aquestes son les  classes dels nens i nenes m\u00e9s grans de la llar els de 2 a 3 anys.<\/p>\n\n\n\n<ul class=\"wp-block-list\">\n<li class=\"has-medium-font-size\">2. ALTRES ESPAIS<\/li>\n<\/ul>\n\n\n\n<p>SALA DE PSICOMOTRICITAT:&nbsp;La sala de psicomotricitat \u00e9s un espai on cada classe realitza la sessi\u00f3 de psicomotricitat un dia fixa a la setmana.<br>Vest\u00edbul d\u2019entrada. Fem servir el nostre gran vest\u00edbul per fer diverses festes popular al llarg del curs.<\/p>\n\n\n\n<p>MENJADOR: Aquest \u00e9s l\u2019espai on dinen tots els nens i nenes de la llar que es queden al servei de menjador<\/p>\n\n\n\n<p>CUINA: La cuina de la llar \u00e9s gran i funcional , per\u00f2 el menjar no es cuina aqu\u00ed ja que son els pares que porten cada dia el menjar dels seus fills\/es.<\/p>\n\n\n\n<p>SALA POLIVALENT: Aquest \u00e9s un espai que utilitzem com a dormitori per fer la migdiada tots els alumnes que es queden a dinar a l\u2019escola. Tamb\u00e9 l\u2019utilitzem per fer les activitats de llum.<\/p>\n\n\n\n<p>EL PATI: &nbsp;L\u2019espai del pati es un espai de trobada i de relaci\u00f3 entre tots els nens i nenes de l\u2019escola.&nbsp;Si el temps ho permet gaireb\u00e9 cada mat\u00ed sortim una estona al pati a jugar. Els nens i nenes m\u00e9s grans de l\u2019escola tamb\u00e9 hi van una estona a la tarda, abans de berenar. Tenim la gran sort de tenir un gran pati , que disposa d\u2019espais diferenciats: un sorral amb material per a jugar (galledes, pales, motlles, rasclets..), un llarg porxo on els alumnes gaudeixen amb les bicis i motos de que disposem , un gran tobogan amb un ampli tendal pel dies de m\u00e9s sol, diversos gronxadors . Tamb\u00e9 dins del pati hi ha una zona vallada destinada als mes petits amb terra tou i amb joguines adaptades a la seva edat que tamb\u00e9 disposa de tendal.<br>Quan fa bon temps podem celebrar alguna de les festes populars al pati com ara la festa de comiat dels nens i nenes que marxen de l\u2019escola .<\/p>\n\n\n\n<div class=\"wp-block-group\"><div class=\"wp-block-group__inner-container is-layout-constrained wp-block-group-is-layout-constrained\">\n<div class=\"wp-block-columns is-layout-flex wp-container-core-columns-is-layout-9d6595d7 wp-block-columns-is-layout-flex\">\n<div class=\"wp-block-column is-layout-flow wp-block-column-is-layout-flow\" style=\"flex-basis:100%\">\n<figure class=\"wp-block-image size-large\"><img loading=\"lazy\" decoding=\"async\" width=\"683\" height=\"1024\" src=\"http:\/\/www.llardinfantsloreneta.cat\/wp-content\/uploads\/2026\/04\/Diseno-sin-titulo-683x1024.png\" alt=\"\" class=\"wp-image-178\" style=\"aspect-ratio:1.3232758620689655\" srcset=\"http:\/\/www.llardinfantsloreneta.cat\/wp-content\/uploads\/2026\/04\/Diseno-sin-titulo-683x1024.png 683w, http:\/\/www.llardinfantsloreneta.cat\/wp-content\/uploads\/2026\/04\/Diseno-sin-titulo-200x300.png 200w, http:\/\/www.llardinfantsloreneta.cat\/wp-content\/uploads\/2026\/04\/Diseno-sin-titulo-768x1152.png 768w, http:\/\/www.llardinfantsloreneta.cat\/wp-content\/uploads\/2026\/04\/Diseno-sin-titulo-1024x1536.png 1024w, http:\/\/www.llardinfantsloreneta.cat\/wp-content\/uploads\/2026\/04\/Diseno-sin-titulo.png 1333w\" sizes=\"auto, (max-width: 683px) 100vw, 683px\" \/><\/figure>\n<\/div>\n<\/div>\n<\/div><\/div>\n\n\n\n<div class=\"wp-block-columns is-layout-flex wp-container-core-columns-is-layout-9d6595d7 wp-block-columns-is-layout-flex\">\n<div class=\"wp-block-column is-layout-flow wp-block-column-is-layout-flow\" style=\"flex-basis:100%\"><\/div>\n<\/div>\n\n\n\n<p>EL DESPATX: Aquest \u00e9s un espai on organitzem i preparem la documentaci\u00f3 necess\u00e0ria per a la gesti\u00f3 de l\u2019escola: documents per a l\u2019administraci\u00f3, documentaci\u00f3 interna de les classes, per a les fam\u00edlies\u2026<\/p>\n\n\n\n<p>SALA DE MESTRES: En aquest espai \u00e9s on duem a terme les reunions d\u2019equip de manera peri\u00f2dica.<\/p>\n","protected":false},"excerpt":{"rendered":"<p>Totes les nostres classes s\u00f3n molt amplies i il\u2022luminades, cada classe fa 53, 60 m2 i a m\u00e9s 6 m2 per l\u2019espai dels canviadors. Totes les classes disposen d\u2019espai diferenciat pel canviador amb w\u00e0ters i piques per rentar-se ,I totes &hellip; <a href=\"http:\/\/www.llardinfantsloreneta.cat\/index.php\/els-espais\/\">Sigue leyendo <span class=\"meta-nav\">&rarr;<\/span><\/a><\/p>\n","protected":false},"author":1,"featured_media":100,"parent":0,"menu_order":0,"comment_status":"closed","ping_status":"closed","template":"","meta":{"footnotes":""},"class_list":["post-42","page","type-page","status-publish","has-post-thumbnail","hentry"],"_links":{"self":[{"href":"http:\/\/www.llardinfantsloreneta.cat\/index.php\/wp-json\/wp\/v2\/pages\/42","targetHints":{"allow":["GET"]}}],"collection":[{"href":"http:\/\/www.llardinfantsloreneta.cat\/index.php\/wp-json\/wp\/v2\/pages"}],"about":[{"href":"http:\/\/www.llardinfantsloreneta.cat\/index.php\/wp-json\/wp\/v2\/types\/page"}],"author":[{"embeddable":true,"href":"http:\/\/www.llardinfantsloreneta.cat\/index.php\/wp-json\/wp\/v2\/users\/1"}],"replies":[{"embeddable":true,"href":"http:\/\/www.llardinfantsloreneta.cat\/index.php\/wp-json\/wp\/v2\/comments?post=42"}],"version-history":[{"count":13,"href":"http:\/\/www.llardinfantsloreneta.cat\/index.php\/wp-json\/wp\/v2\/pages\/42\/revisions"}],"predecessor-version":[{"id":185,"href":"http:\/\/www.llardinfantsloreneta.cat\/index.php\/wp-json\/wp\/v2\/pages\/42\/revisions\/185"}],"wp:featuredmedia":[{"embeddable":true,"href":"http:\/\/www.llardinfantsloreneta.cat\/index.php\/wp-json\/wp\/v2\/media\/100"}],"wp:attachment":[{"href":"http:\/\/www.llardinfantsloreneta.cat\/index.php\/wp-json\/wp\/v2\/media?parent=42"}],"curies":[{"name":"wp","href":"https:\/\/api.w.org\/{rel}","templated":true}]}}

<p class="has-medium-font-size"></p>



<ul class="wp-block-list">
<li class="has-text-color has-link-color has-medium-font-size wp-elements-b64fd41ad0987d3ddd35fde9b5cf5451" style="color:#a13f3f">1. LES CLASSES:</li>
</ul>



<p class="has-black-color has-text-color has-link-color wp-elements-2cdaf394ab8e259485f73045437e0adc">Totes les nostres classes són molt amplies i il•luminades, cada classe fa 53, 60 m2 i a més 6 m2 per l’espai dels canviadors. Totes les classes disposen d’espai diferenciat pel canviador amb wàters i piques per rentar-se ,I totes tenen sortida directa al pati i a més la classe destinada als nadons disposa també d’un espai separat pel descans.<br>A les classes distribuïm l’espai per racons de joc, adaptant aquests a les característiques de l’edat dels infants de cada grup. Les joguines i materials de les classes es van renovant a mida que les necessitats dels infants ho requereixen, oferint als nens i nenes materials i joguines ben variades per tal de cobrir els seus interessos.</p>



<figure class="wp-block-image size-large"><img loading="lazy" decoding="async" width="1024" height="768" src="http://www.llardinfantsloreneta.cat/wp-content/uploads/2026/04/WhatsApp-Image-2026-04-13-at-17.18.59-1024x768.jpeg" alt="" class="wp-image-181" srcset="http://www.llardinfantsloreneta.cat/wp-content/uploads/2026/04/WhatsApp-Image-2026-04-13-at-17.18.59-1024x768.jpeg 1024w, http://www.llardinfantsloreneta.cat/wp-content/uploads/2026/04/WhatsApp-Image-2026-04-13-at-17.18.59-300x225.jpeg 300w, http://www.llardinfantsloreneta.cat/wp-content/uploads/2026/04/WhatsApp-Image-2026-04-13-at-17.18.59-768x576.jpeg 768w, http://www.llardinfantsloreneta.cat/wp-content/uploads/2026/04/WhatsApp-Image-2026-04-13-at-17.18.59-1536x1152.jpeg 1536w, http://www.llardinfantsloreneta.cat/wp-content/uploads/2026/04/WhatsApp-Image-2026-04-13-at-17.18.59-400x300.jpeg 400w, http://www.llardinfantsloreneta.cat/wp-content/uploads/2026/04/WhatsApp-Image-2026-04-13-at-17.18.59.jpeg 1600w" sizes="auto, (max-width: 1024px) 100vw, 1024px" /></figure>



<div class="wp-block-group"><div class="wp-block-group__inner-container is-layout-constrained wp-block-group-is-layout-constrained">
<p>CLASSE DELS ELEFANTS &nbsp;Aquesta és la classe dels més petits de l’escola. Els nens i nenes que tenen entre 4 mesos i 1 any d’edat. Aquesta classe disposa a més amés de l’ espai amb el canviador un espai separat pel descans .</p>
</div></div>



<p>CLASSES OSSOS PANDA:&nbsp;Aquesta és la classe dels nens i nenes que tenen entre 1 i 2 anys d’edat.</p>



<p>CLASSE LLEONS I CLASSE TIGRES :&nbsp;Aquestes son les  classes dels nens i nenes més grans de la llar els de 2 a 3 anys.</p>



<ul class="wp-block-list">
<li class="has-medium-font-size">2. ALTRES ESPAIS</li>
</ul>



<p>SALA DE PSICOMOTRICITAT:&nbsp;La sala de psicomotricitat és un espai on cada classe realitza la sessió de psicomotricitat un dia fixa a la setmana.<br>Vestíbul d’entrada. Fem servir el nostre gran vestíbul per fer diverses festes popular al llarg del curs.</p>



<p>MENJADOR: Aquest és l’espai on dinen tots els nens i nenes de la llar que es queden al servei de menjador</p>



<p>CUINA: La cuina de la llar és gran i funcional , però el menjar no es cuina aquí ja que son els pares que porten cada dia el menjar dels seus fills/es.</p>



<p>SALA POLIVALENT: Aquest és un espai que utilitzem com a dormitori per fer la migdiada tots els alumnes que es queden a dinar a l’escola. També l’utilitzem per fer les activitats de llum.</p>



<p>EL PATI: &nbsp;L’espai del pati es un espai de trobada i de relació entre tots els nens i nenes de l’escola.&nbsp;Si el temps ho permet gairebé cada matí sortim una estona al pati a jugar. Els nens i nenes més grans de l’escola també hi van una estona a la tarda, abans de berenar. Tenim la gran sort de tenir un gran pati , que disposa d’espais diferenciats: un sorral amb material per a jugar (galledes, pales, motlles, rasclets..), un llarg porxo on els alumnes gaudeixen amb les bicis i motos de que disposem , un gran tobogan amb un ampli tendal pel dies de més sol, diversos gronxadors . També dins del pati hi ha una zona vallada destinada als mes petits amb terra tou i amb joguines adaptades a la seva edat que també disposa de tendal.<br>Quan fa bon temps podem celebrar alguna de les festes populars al pati com ara la festa de comiat dels nens i nenes que marxen de l’escola .</p>



<div class="wp-block-group"><div class="wp-block-group__inner-container is-layout-constrained wp-block-group-is-layout-constrained">
<div class="wp-block-columns is-layout-flex wp-container-core-columns-is-layout-9d6595d7 wp-block-columns-is-layout-flex">
<div class="wp-block-column is-layout-flow wp-block-column-is-layout-flow" style="flex-basis:100%">
<figure class="wp-block-image size-large"><img loading="lazy" decoding="async" width="683" height="1024" src="http://www.llardinfantsloreneta.cat/wp-content/uploads/2026/04/Diseno-sin-titulo-683x1024.png" alt="" class="wp-image-178" style="aspect-ratio:1.3232758620689655" srcset="http://www.llardinfantsloreneta.cat/wp-content/uploads/2026/04/Diseno-sin-titulo-683x1024.png 683w, http://www.llardinfantsloreneta.cat/wp-content/uploads/2026/04/Diseno-sin-titulo-200x300.png 200w, http://www.llardinfantsloreneta.cat/wp-content/uploads/2026/04/Diseno-sin-titulo-768x1152.png 768w, http://www.llardinfantsloreneta.cat/wp-content/uploads/2026/04/Diseno-sin-titulo-1024x1536.png 1024w, http://www.llardinfantsloreneta.cat/wp-content/uploads/2026/04/Diseno-sin-titulo.png 1333w" sizes="auto, (max-width: 683px) 100vw, 683px" /></figure>
</div>
</div>
</div></div>



<div class="wp-block-columns is-layout-flex wp-container-core-columns-is-layout-9d6595d7 wp-block-columns-is-layout-flex">
<div class="wp-block-column is-layout-flow wp-block-column-is-layout-flow" style="flex-basis:100%"></div>
</div>



<p>EL DESPATX: Aquest és un espai on organitzem i preparem la documentació necessària per a la gestió de l’escola: documents per a l’administració, documentació interna de les classes, per a les famílies…</p>



<p>SALA DE MESTRES: En aquest espai és on duem a terme les reunions d’equip de manera periòdica.</p>

<p>Totes les nostres classes són molt amplies i il•luminades, cada classe fa 53, 60 m2 i a més 6 m2 per l’espai dels canviadors. Totes les classes disposen d’espai diferenciat pel canviador amb wàters i piques per rentar-se ,I totes &hellip; <a href="http://www.llardinfantsloreneta.cat/index.php/els-espais/">Sigue leyendo <span class="meta-nav">&rarr;</span></a></p>
