{"id":39,"date":"2025-11-25T10:44:17","date_gmt":"2025-11-25T10:44:17","guid":{"rendered":"http:\/\/www.llardinfantsloreneta.cat\/?page_id=39"},"modified":"2026-04-15T14:18:20","modified_gmt":"2026-04-15T14:18:20","slug":"activitats","status":"publish","type":"page","link":"http:\/\/www.llardinfantsloreneta.cat\/index.php\/activitats\/","title":{"rendered":"ACTIVITATS"},"content":{"rendered":"\n<p class=\"has-blue-color has-text-color has-link-color wp-elements-9fbe236f7fb874b2928227978c240563\">L\u2019experimentaci\u00f3, la manipulaci\u00f3, l&#8217;observaci\u00f3 de diferents materials i objectes, el joc simb\u00f2lic com a representaci\u00f3 de la vida quotidiana, el pati i la sala de psicomotricitat per poder cridar, c\u00f3rrer, enfilar-nos i gaudir de la natura i l\u2019aire lliure, les festes populars amb les quals gaudim pares, mares, avis, infants\u2026, Aquestes propostes s\u00f3n nom\u00e9s un tastet de la vida quotidiana aqu\u00ed a l\u2019escola on l\u2019infant apr\u00e8n a ser aut\u00f2nom i gaudeix de la seva llibertat per a realitzar-les.<br><\/p>\n\n\n\n<div class=\"wp-block-group is-nowrap is-layout-flex wp-container-core-group-is-layout-ad2f72ca wp-block-group-is-layout-flex\">\n<p class=\"has-blue-color has-text-color has-link-color wp-elements-e964149ff8c67ca5c76a7d18b473951d\"> <strong>Joc simb\u00f2lic \/racons<br><\/strong>El joc simb\u00f2lic \u00e9s el joc en el qual l\u2019infant imita a l\u2019adult. El nen repeteix algunes de les situacions que ha viscut en l\u2019ambient familiar o a l\u2019escola i apareix al voltant dels dos anys. A l\u2019escola totes les classes tenim racons espec\u00edfics per fer el joc simb\u00f2lic.<\/p>\n<\/div>\n\n\n\n<p class=\"has-blue-color has-text-color has-link-color wp-elements-278c00537c65af0fb1ed94c25e4de07e\"> <strong>Joc heur\u00edstic \/ panera dels tresors<\/strong><\/p>\n\n\n\n<p class=\"has-blue-color has-text-color has-link-color wp-elements-288ea41154df4723e61a3360a390a439\">Joc heur\u00edstic&nbsp;\u00e9s una activitat que es dona amb infants d\u2019 entre 12 i 20 mesos s\u2019exploren objectes no catalogats did\u00e0ctics i els combina lliurement. En acabar l\u2019exploraci\u00f3 i amb ajuda de l\u2019adult, recull els materials i els classifica.<br>En el joc, l\u2019infant arriba all\u00e0 on desitja i desitja all\u00f2 que veu. En la combinaci\u00f3 de materials descobreixen que les coses hi caben o no; s\u2019aguanten o cauen; rodolen o es mantenen quietes\u2026<br>Panera dels tresors&nbsp;\u00e9s una activitat d\u2019exploraci\u00f3 per a nens i nenes de entre 6 i 12 mesos.<br>Es tracta d\u2019un recull de materials que podem trobar a casa o a la natura i ajuden a estimular els sentits: descoberta i desenvolupament del tacte, el gust, l\u2019olfacte, l\u2019o\u00efda, la vista i el sentit del moviment del cos.<br>L\u2019educadora observa al seu costat i els d\u00f3na seguretat i confian\u00e7a.<\/p>\n\n\n\n<p class=\"has-blue-color has-text-color has-link-color wp-elements-3df66dba9feb159de5048b5e65f59488\">&nbsp;<strong>Psicomotricitat \/massatges<\/strong><\/p>\n\n\n\n<p class=\"has-blue-color has-text-color has-link-color wp-elements-bf2ee34f6bb4ed2dffcaf4d25b444fb3\">Els infants durant aquesta etapa es comuniquen amb el cos, \u00e9s la seva eina d\u2019expressi\u00f3 i de relaci\u00f3 amb el seu entorn. Per aix\u00f2 facilitem un espai i un temps per potenciar situacions de coordinaci\u00f3, moviment, equilibri, relacions, emocions\u2026<\/p>\n\n\n\n<figure class=\"wp-block-image size-large\"><img loading=\"lazy\" decoding=\"async\" width=\"768\" height=\"1024\" src=\"http:\/\/www.llardinfantsloreneta.cat\/wp-content\/uploads\/2026\/04\/WhatsApp-Image-2026-04-13-at-17.20.14-1-768x1024.jpeg\" alt=\"\" class=\"wp-image-197\" srcset=\"http:\/\/www.llardinfantsloreneta.cat\/wp-content\/uploads\/2026\/04\/WhatsApp-Image-2026-04-13-at-17.20.14-1-768x1024.jpeg 768w, http:\/\/www.llardinfantsloreneta.cat\/wp-content\/uploads\/2026\/04\/WhatsApp-Image-2026-04-13-at-17.20.14-1-225x300.jpeg 225w, http:\/\/www.llardinfantsloreneta.cat\/wp-content\/uploads\/2026\/04\/WhatsApp-Image-2026-04-13-at-17.20.14-1-1152x1536.jpeg 1152w, http:\/\/www.llardinfantsloreneta.cat\/wp-content\/uploads\/2026\/04\/WhatsApp-Image-2026-04-13-at-17.20.14-1.jpeg 1200w\" sizes=\"auto, (max-width: 768px) 100vw, 768px\" \/><\/figure>\n\n\n\n<p class=\"has-blue-color has-text-color has-link-color wp-elements-db30913d893d00fb7d80fd7320870b90\"><br> <strong>Emocions<\/strong><\/p>\n\n\n\n<p class=\"has-blue-color has-text-color has-link-color wp-elements-826bd6b6ebf38a0008e3e2e55b7aced4\">El plor, el riure, el plaer o el desplaer, s\u00f3n, entre altres, manifestacions emocionals que apareixent en fases molt primerenques del desenvolupament hum\u00e0. Aprofitem-les i comencem a treballar-les. L\u2019 objectiu que ens proposem \u00e9s que els nostres alumnes comencin a adquirir aquestes tres habilitats b\u00e0siques<br>\u2022Recon\u00e8ixer les emocions<br>\u2022Gestionar-les<br>\u2022I saber posar-nos en el lloc de l\u2019altre.<br>Aix\u00f2 permetr\u00e0 a l\u2019alumne viure amb naturalitat les dificultats i conflictes que s\u2019anir\u00e0 trobant en el cam\u00ed de la vida, tant en l\u2019\u00e0mbit personal com professional.<br>El primer pas que hem de donar com a docents \u00e9s el d\u2019oferir als alumnes tots els recursos que necessiten per comen\u00e7ar a identificar en un mateix i en els altres les diferents emocions: alegria i tristesa (d\u20191 a 2 anys) i alegria, tristesa, empipament i por (de 2 a 3 anys); expressar aquestes mateixes emocions i associar-les a aquelles situacions que les hagin pogut provocar.<\/p>\n\n\n\n<figure class=\"wp-block-image size-full\"><img loading=\"lazy\" decoding=\"async\" width=\"612\" height=\"408\" src=\"http:\/\/www.llardinfantsloreneta.cat\/wp-content\/uploads\/2025\/11\/istockphoto-1283822563-612x612-1.jpg\" alt=\"\" class=\"wp-image-106\" srcset=\"http:\/\/www.llardinfantsloreneta.cat\/wp-content\/uploads\/2025\/11\/istockphoto-1283822563-612x612-1.jpg 612w, http:\/\/www.llardinfantsloreneta.cat\/wp-content\/uploads\/2025\/11\/istockphoto-1283822563-612x612-1-300x200.jpg 300w, http:\/\/www.llardinfantsloreneta.cat\/wp-content\/uploads\/2025\/11\/istockphoto-1283822563-612x612-1-450x300.jpg 450w\" sizes=\"auto, (max-width: 612px) 100vw, 612px\" \/><\/figure>\n\n\n\n<p class=\"has-blue-color has-text-color has-link-color wp-elements-f06baed6e42f1efe6420b8ce81e78145\"><br> Propostes d&#8217;experimentaci\u00f3<\/p>\n\n\n\n<p class=\"has-blue-color has-text-color has-link-color wp-elements-1a83b24ad8bbb21c9d1c8b5decea616e\">L\u2019aprenentatge \u00e9s per al nen petit, una q\u00fcesti\u00f3 de viv\u00e8ncies. A la llar d\u2019infants els infants aprenen a partir de l\u2019experi\u00e8ncia directa, de les sensacions f\u00edsiques, de tot all\u00f2 que els arriba pels sentits. Per aix\u00f2 els hi oferim situacions atractives per experimentar amb materials i contextos tan rics com sigui possible, per despertar la curiositat per aprendre.<br>Al llarg del curs realitzem moltes sessions d\u2019experimentaci\u00f3 amb materials diversos que atrauen l\u2019inter\u00e8s dels infants: farines, sorres, pintures, gelatines , flors, etc. <\/p>\n\n\n\n<p class=\"has-blue-color has-text-color has-link-color wp-elements-8bc5da9b7ef2b0840e3b7e062bc42312\">Els infants s\u2019inicien en l\u2019observaci\u00f3 i manipulaci\u00f3 dels fen\u00f2mens que els envolten, observen el comportament dels materials , descobreixen les possibilitats dels seus sentits, els resultats de les seves accions sobre el material, experimenten sensacions i aprenen a distingir les qualitats dels diferents elements: suau, fred, brillant, dol\u00e7, salat, llefisc\u00f3s, sec, humit, calent, etc.<\/p>\n\n\n\n<figure class=\"wp-block-image size-full\"><img decoding=\"async\" src=\"http:\/\/www.llardinfantsloreneta.cat\/wp-content\/uploads\/2026\/04\/Beautiful-Natural-Sunset-Aesthetics-Mood-Photo-Collage.png\" alt=\"\" class=\"wp-image-159\"\/><\/figure>\n\n\n\n<p class=\"has-blue-color has-text-color has-link-color wp-elements-eb213b6a551df889b1aa9d459f68d6f9\"><strong>Setmana del protagonista<\/strong><\/p>\n\n\n\n<p class=\"has-blue-color has-text-color has-link-color wp-elements-26cf6896be45ea7f56f8da609ba0952f\">Una setmana cada nen\/a \u00e9s protagonista de la classe de les Abelles . Els pares hi participant activament, de quina manera ? Doncs portant fotografies significatives del fill\/a , roba de quan era beb\u00e8, joguines de quan era m\u00e9s petit\u2026 \u00c9s molt important que aquest recull el fagint junts pares i fill\/a ja que d\u2019aquesta manera li ser\u00e0 m\u00e9s f\u00e0cil poder-ho explicar als seus companys\/es.<br>Aprofundim en aquells aspectes espec\u00edfics de cada nen\/a, records familiars, en les seves joguines, en fotografies des que va n\u00e9ixer fins ara, com tamb\u00e9 en costums i altres coses que constitueixen el seu m\u00f3n fora de la Llar d\u2019Infants.<br>Un dels dies de la setmana del protagonista, ve a la classe un familiar a fer una activitat o a explicar un conte, o una an\u00e8cdota o a cantar una can\u00e7\u00f3 significativa per l\u2019alumne.<\/p>\n\n\n\n<figure class=\"wp-block-image size-full\"><img loading=\"lazy\" decoding=\"async\" width=\"2000\" height=\"1414\" src=\"http:\/\/www.llardinfantsloreneta.cat\/wp-content\/uploads\/2026\/04\/setmana.png\" alt=\"\" class=\"wp-image-198\" srcset=\"http:\/\/www.llardinfantsloreneta.cat\/wp-content\/uploads\/2026\/04\/setmana.png 2000w, http:\/\/www.llardinfantsloreneta.cat\/wp-content\/uploads\/2026\/04\/setmana-300x212.png 300w, http:\/\/www.llardinfantsloreneta.cat\/wp-content\/uploads\/2026\/04\/setmana-1024x724.png 1024w, http:\/\/www.llardinfantsloreneta.cat\/wp-content\/uploads\/2026\/04\/setmana-768x543.png 768w, http:\/\/www.llardinfantsloreneta.cat\/wp-content\/uploads\/2026\/04\/setmana-1536x1086.png 1536w, http:\/\/www.llardinfantsloreneta.cat\/wp-content\/uploads\/2026\/04\/setmana-424x300.png 424w\" sizes=\"auto, (max-width: 2000px) 100vw, 2000px\" \/><\/figure>\n\n\n\n<p class=\"has-blue-color has-text-color has-link-color wp-elements-ea51bcaecacb1e1eeef53ffb12df3258\">&nbsp;<strong>Festes a l\u2019escola.<\/strong><\/p>\n\n\n\n<p class=\"has-blue-color has-text-color has-link-color wp-elements-a90ca7569ca969692a8452f53129b560\">Les festes que celebrem a la llar son de diferents tipus les festes per classes , les festes de tota la llar junts i les festes amb la participaci\u00f3 dels pares.<br>Les festes de cada classe son les festes dels aniversaris dels alumnes.<br>Les festes de tota la llar son les festes dels colors que les fem quan acabem de treballar cadascun dels colors , la festa de la Castanyera amb la participaci\u00f3 d\u2019una \u00e0via que fa de castanyera, i la festa del carnestoltes .<br>Les festes que celebrem junt amb les fam\u00edlies son la de Nadal i Fi de curs.<\/p>\n\n\n\n<figure class=\"wp-block-image size-large\"><img loading=\"lazy\" decoding=\"async\" width=\"1024\" height=\"576\" src=\"http:\/\/www.llardinfantsloreneta.cat\/wp-content\/uploads\/2025\/11\/98-1024x576.webp\" alt=\"\" class=\"wp-image-110\" srcset=\"http:\/\/www.llardinfantsloreneta.cat\/wp-content\/uploads\/2025\/11\/98-1024x576.webp 1024w, http:\/\/www.llardinfantsloreneta.cat\/wp-content\/uploads\/2025\/11\/98-300x169.webp 300w, http:\/\/www.llardinfantsloreneta.cat\/wp-content\/uploads\/2025\/11\/98-768x432.webp 768w, http:\/\/www.llardinfantsloreneta.cat\/wp-content\/uploads\/2025\/11\/98-1536x864.webp 1536w, http:\/\/www.llardinfantsloreneta.cat\/wp-content\/uploads\/2025\/11\/98-500x281.webp 500w, http:\/\/www.llardinfantsloreneta.cat\/wp-content\/uploads\/2025\/11\/98.webp 1900w\" sizes=\"auto, (max-width: 1024px) 100vw, 1024px\" \/><\/figure>\n","protected":false},"excerpt":{"rendered":"<p>L\u2019experimentaci\u00f3, la manipulaci\u00f3, l&#8217;observaci\u00f3 de diferents materials i objectes, el joc simb\u00f2lic com a representaci\u00f3 de la vida quotidiana, el pati i la sala de psicomotricitat per poder cridar, c\u00f3rrer, enfilar-nos i gaudir de la natura i l\u2019aire lliure, les &hellip; <a href=\"http:\/\/www.llardinfantsloreneta.cat\/index.php\/activitats\/\">Sigue leyendo <span class=\"meta-nav\">&rarr;<\/span><\/a><\/p>\n","protected":false},"author":1,"featured_media":224,"parent":0,"menu_order":0,"comment_status":"closed","ping_status":"closed","template":"","meta":{"footnotes":""},"class_list":["post-39","page","type-page","status-publish","has-post-thumbnail","hentry"],"_links":{"self":[{"href":"http:\/\/www.llardinfantsloreneta.cat\/index.php\/wp-json\/wp\/v2\/pages\/39","targetHints":{"allow":["GET"]}}],"collection":[{"href":"http:\/\/www.llardinfantsloreneta.cat\/index.php\/wp-json\/wp\/v2\/pages"}],"about":[{"href":"http:\/\/www.llardinfantsloreneta.cat\/index.php\/wp-json\/wp\/v2\/types\/page"}],"author":[{"embeddable":true,"href":"http:\/\/www.llardinfantsloreneta.cat\/index.php\/wp-json\/wp\/v2\/users\/1"}],"replies":[{"embeddable":true,"href":"http:\/\/www.llardinfantsloreneta.cat\/index.php\/wp-json\/wp\/v2\/comments?post=39"}],"version-history":[{"count":6,"href":"http:\/\/www.llardinfantsloreneta.cat\/index.php\/wp-json\/wp\/v2\/pages\/39\/revisions"}],"predecessor-version":[{"id":199,"href":"http:\/\/www.llardinfantsloreneta.cat\/index.php\/wp-json\/wp\/v2\/pages\/39\/revisions\/199"}],"wp:featuredmedia":[{"embeddable":true,"href":"http:\/\/www.llardinfantsloreneta.cat\/index.php\/wp-json\/wp\/v2\/media\/224"}],"wp:attachment":[{"href":"http:\/\/www.llardinfantsloreneta.cat\/index.php\/wp-json\/wp\/v2\/media?parent=39"}],"curies":[{"name":"wp","href":"https:\/\/api.w.org\/{rel}","templated":true}]}}

<p class="has-blue-color has-text-color has-link-color wp-elements-9fbe236f7fb874b2928227978c240563">L’experimentació, la manipulació, l&#8217;observació de diferents materials i objectes, el joc simbòlic com a representació de la vida quotidiana, el pati i la sala de psicomotricitat per poder cridar, córrer, enfilar-nos i gaudir de la natura i l’aire lliure, les festes populars amb les quals gaudim pares, mares, avis, infants…, Aquestes propostes són només un tastet de la vida quotidiana aquí a l’escola on l’infant aprèn a ser autònom i gaudeix de la seva llibertat per a realitzar-les.<br></p>



<div class="wp-block-group is-nowrap is-layout-flex wp-container-core-group-is-layout-ad2f72ca wp-block-group-is-layout-flex">
<p class="has-blue-color has-text-color has-link-color wp-elements-e964149ff8c67ca5c76a7d18b473951d"> <strong>Joc simbòlic /racons<br></strong>El joc simbòlic és el joc en el qual l’infant imita a l’adult. El nen repeteix algunes de les situacions que ha viscut en l’ambient familiar o a l’escola i apareix al voltant dels dos anys. A l’escola totes les classes tenim racons específics per fer el joc simbòlic.</p>
</div>



<p class="has-blue-color has-text-color has-link-color wp-elements-278c00537c65af0fb1ed94c25e4de07e"> <strong>Joc heurístic / panera dels tresors</strong></p>



<p class="has-blue-color has-text-color has-link-color wp-elements-288ea41154df4723e61a3360a390a439">Joc heurístic&nbsp;és una activitat que es dona amb infants d’ entre 12 i 20 mesos s’exploren objectes no catalogats didàctics i els combina lliurement. En acabar l’exploració i amb ajuda de l’adult, recull els materials i els classifica.<br>En el joc, l’infant arriba allà on desitja i desitja allò que veu. En la combinació de materials descobreixen que les coses hi caben o no; s’aguanten o cauen; rodolen o es mantenen quietes…<br>Panera dels tresors&nbsp;és una activitat d’exploració per a nens i nenes de entre 6 i 12 mesos.<br>Es tracta d’un recull de materials que podem trobar a casa o a la natura i ajuden a estimular els sentits: descoberta i desenvolupament del tacte, el gust, l’olfacte, l’oïda, la vista i el sentit del moviment del cos.<br>L’educadora observa al seu costat i els dóna seguretat i confiança.</p>



<p class="has-blue-color has-text-color has-link-color wp-elements-3df66dba9feb159de5048b5e65f59488">&nbsp;<strong>Psicomotricitat /massatges</strong></p>



<p class="has-blue-color has-text-color has-link-color wp-elements-bf2ee34f6bb4ed2dffcaf4d25b444fb3">Els infants durant aquesta etapa es comuniquen amb el cos, és la seva eina d’expressió i de relació amb el seu entorn. Per això facilitem un espai i un temps per potenciar situacions de coordinació, moviment, equilibri, relacions, emocions…</p>



<figure class="wp-block-image size-large"><img loading="lazy" decoding="async" width="768" height="1024" src="http://www.llardinfantsloreneta.cat/wp-content/uploads/2026/04/WhatsApp-Image-2026-04-13-at-17.20.14-1-768x1024.jpeg" alt="" class="wp-image-197" srcset="http://www.llardinfantsloreneta.cat/wp-content/uploads/2026/04/WhatsApp-Image-2026-04-13-at-17.20.14-1-768x1024.jpeg 768w, http://www.llardinfantsloreneta.cat/wp-content/uploads/2026/04/WhatsApp-Image-2026-04-13-at-17.20.14-1-225x300.jpeg 225w, http://www.llardinfantsloreneta.cat/wp-content/uploads/2026/04/WhatsApp-Image-2026-04-13-at-17.20.14-1-1152x1536.jpeg 1152w, http://www.llardinfantsloreneta.cat/wp-content/uploads/2026/04/WhatsApp-Image-2026-04-13-at-17.20.14-1.jpeg 1200w" sizes="auto, (max-width: 768px) 100vw, 768px" /></figure>



<p class="has-blue-color has-text-color has-link-color wp-elements-db30913d893d00fb7d80fd7320870b90"><br> <strong>Emocions</strong></p>



<p class="has-blue-color has-text-color has-link-color wp-elements-826bd6b6ebf38a0008e3e2e55b7aced4">El plor, el riure, el plaer o el desplaer, són, entre altres, manifestacions emocionals que apareixent en fases molt primerenques del desenvolupament humà. Aprofitem-les i comencem a treballar-les. L’ objectiu que ens proposem és que els nostres alumnes comencin a adquirir aquestes tres habilitats bàsiques<br>•Reconèixer les emocions<br>•Gestionar-les<br>•I saber posar-nos en el lloc de l’altre.<br>Això permetrà a l’alumne viure amb naturalitat les dificultats i conflictes que s’anirà trobant en el camí de la vida, tant en l’àmbit personal com professional.<br>El primer pas que hem de donar com a docents és el d’oferir als alumnes tots els recursos que necessiten per començar a identificar en un mateix i en els altres les diferents emocions: alegria i tristesa (d’1 a 2 anys) i alegria, tristesa, empipament i por (de 2 a 3 anys); expressar aquestes mateixes emocions i associar-les a aquelles situacions que les hagin pogut provocar.</p>



<figure class="wp-block-image size-full"><img loading="lazy" decoding="async" width="612" height="408" src="http://www.llardinfantsloreneta.cat/wp-content/uploads/2025/11/istockphoto-1283822563-612x612-1.jpg" alt="" class="wp-image-106" srcset="http://www.llardinfantsloreneta.cat/wp-content/uploads/2025/11/istockphoto-1283822563-612x612-1.jpg 612w, http://www.llardinfantsloreneta.cat/wp-content/uploads/2025/11/istockphoto-1283822563-612x612-1-300x200.jpg 300w, http://www.llardinfantsloreneta.cat/wp-content/uploads/2025/11/istockphoto-1283822563-612x612-1-450x300.jpg 450w" sizes="auto, (max-width: 612px) 100vw, 612px" /></figure>



<p class="has-blue-color has-text-color has-link-color wp-elements-f06baed6e42f1efe6420b8ce81e78145"><br> Propostes d&#8217;experimentació</p>



<p class="has-blue-color has-text-color has-link-color wp-elements-1a83b24ad8bbb21c9d1c8b5decea616e">L’aprenentatge és per al nen petit, una qüestió de vivències. A la llar d’infants els infants aprenen a partir de l’experiència directa, de les sensacions físiques, de tot allò que els arriba pels sentits. Per això els hi oferim situacions atractives per experimentar amb materials i contextos tan rics com sigui possible, per despertar la curiositat per aprendre.<br>Al llarg del curs realitzem moltes sessions d’experimentació amb materials diversos que atrauen l’interès dels infants: farines, sorres, pintures, gelatines , flors, etc. </p>



<p class="has-blue-color has-text-color has-link-color wp-elements-8bc5da9b7ef2b0840e3b7e062bc42312">Els infants s’inicien en l’observació i manipulació dels fenòmens que els envolten, observen el comportament dels materials , descobreixen les possibilitats dels seus sentits, els resultats de les seves accions sobre el material, experimenten sensacions i aprenen a distingir les qualitats dels diferents elements: suau, fred, brillant, dolç, salat, llefiscós, sec, humit, calent, etc.</p>



<figure class="wp-block-image size-full"><img decoding="async" src="http://www.llardinfantsloreneta.cat/wp-content/uploads/2026/04/Beautiful-Natural-Sunset-Aesthetics-Mood-Photo-Collage.png" alt="" class="wp-image-159"/></figure>



<p class="has-blue-color has-text-color has-link-color wp-elements-eb213b6a551df889b1aa9d459f68d6f9"><strong>Setmana del protagonista</strong></p>



<p class="has-blue-color has-text-color has-link-color wp-elements-26cf6896be45ea7f56f8da609ba0952f">Una setmana cada nen/a és protagonista de la classe de les Abelles . Els pares hi participant activament, de quina manera ? Doncs portant fotografies significatives del fill/a , roba de quan era bebè, joguines de quan era més petit… És molt important que aquest recull el fagint junts pares i fill/a ja que d’aquesta manera li serà més fàcil poder-ho explicar als seus companys/es.<br>Aprofundim en aquells aspectes específics de cada nen/a, records familiars, en les seves joguines, en fotografies des que va néixer fins ara, com també en costums i altres coses que constitueixen el seu món fora de la Llar d’Infants.<br>Un dels dies de la setmana del protagonista, ve a la classe un familiar a fer una activitat o a explicar un conte, o una anècdota o a cantar una cançó significativa per l’alumne.</p>



<figure class="wp-block-image size-full"><img loading="lazy" decoding="async" width="2000" height="1414" src="http://www.llardinfantsloreneta.cat/wp-content/uploads/2026/04/setmana.png" alt="" class="wp-image-198" srcset="http://www.llardinfantsloreneta.cat/wp-content/uploads/2026/04/setmana.png 2000w, http://www.llardinfantsloreneta.cat/wp-content/uploads/2026/04/setmana-300x212.png 300w, http://www.llardinfantsloreneta.cat/wp-content/uploads/2026/04/setmana-1024x724.png 1024w, http://www.llardinfantsloreneta.cat/wp-content/uploads/2026/04/setmana-768x543.png 768w, http://www.llardinfantsloreneta.cat/wp-content/uploads/2026/04/setmana-1536x1086.png 1536w, http://www.llardinfantsloreneta.cat/wp-content/uploads/2026/04/setmana-424x300.png 424w" sizes="auto, (max-width: 2000px) 100vw, 2000px" /></figure>



<p class="has-blue-color has-text-color has-link-color wp-elements-ea51bcaecacb1e1eeef53ffb12df3258">&nbsp;<strong>Festes a l’escola.</strong></p>



<p class="has-blue-color has-text-color has-link-color wp-elements-a90ca7569ca969692a8452f53129b560">Les festes que celebrem a la llar son de diferents tipus les festes per classes , les festes de tota la llar junts i les festes amb la participació dels pares.<br>Les festes de cada classe son les festes dels aniversaris dels alumnes.<br>Les festes de tota la llar son les festes dels colors que les fem quan acabem de treballar cadascun dels colors , la festa de la Castanyera amb la participació d’una àvia que fa de castanyera, i la festa del carnestoltes .<br>Les festes que celebrem junt amb les famílies son la de Nadal i Fi de curs.</p>



<figure class="wp-block-image size-large"><img loading="lazy" decoding="async" width="1024" height="576" src="http://www.llardinfantsloreneta.cat/wp-content/uploads/2025/11/98-1024x576.webp" alt="" class="wp-image-110" srcset="http://www.llardinfantsloreneta.cat/wp-content/uploads/2025/11/98-1024x576.webp 1024w, http://www.llardinfantsloreneta.cat/wp-content/uploads/2025/11/98-300x169.webp 300w, http://www.llardinfantsloreneta.cat/wp-content/uploads/2025/11/98-768x432.webp 768w, http://www.llardinfantsloreneta.cat/wp-content/uploads/2025/11/98-1536x864.webp 1536w, http://www.llardinfantsloreneta.cat/wp-content/uploads/2025/11/98-500x281.webp 500w, http://www.llardinfantsloreneta.cat/wp-content/uploads/2025/11/98.webp 1900w" sizes="auto, (max-width: 1024px) 100vw, 1024px" /></figure>

<p>L’experimentació, la manipulació, l&#8217;observació de diferents materials i objectes, el joc simbòlic com a representació de la vida quotidiana, el pati i la sala de psicomotricitat per poder cridar, córrer, enfilar-nos i gaudir de la natura i l’aire lliure, les &hellip; <a href="http://www.llardinfantsloreneta.cat/index.php/activitats/">Sigue leyendo <span class="meta-nav">&rarr;</span></a></p>
