{"id":31,"date":"2025-11-25T10:32:47","date_gmt":"2025-11-25T10:32:47","guid":{"rendered":"http:\/\/www.llardinfantsloreneta.cat\/?page_id=31"},"modified":"2026-04-16T07:06:48","modified_gmt":"2026-04-16T07:06:48","slug":"lequip","status":"publish","type":"page","link":"http:\/\/www.llardinfantsloreneta.cat\/index.php\/lequip\/","title":{"rendered":"L\u2019EQUIP"},"content":{"rendered":"\n<p class=\"has-text-color has-link-color wp-elements-b2a2ae2d98100830fa103d74a9f6c341\" style=\"color:#328052\">El nostre equip est\u00e0 format per sis\u00a0 professionals de l\u2019educaci\u00f3, quatre tenen la titulaci\u00f3 de t\u00e8cnic superior en educaci\u00f3 infantil i dos la de magisteri especialitzat en educaci\u00f3 infantil.<br>Som un equip de persones amb anys d\u2019experi\u00e8ncia , disposades constantment a renovar-nos per dur a terme el nostre projecte educatiu d\u2019una forma activa.<\/p>\n\n\n\n<p class=\"has-text-color has-link-color wp-elements-32d15fd91c9ec43bd607fcf8161b950e\" style=\"color:#328052\">Ens divertim ensenyant !!<\/p>\n","protected":false},"excerpt":{"rendered":"<p>El nostre equip est\u00e0 format per sis\u00a0 professionals de l\u2019educaci\u00f3, quatre tenen la titulaci\u00f3 de t\u00e8cnic superior en educaci\u00f3 infantil i dos la de magisteri especialitzat en educaci\u00f3 infantil.Som un equip de persones amb anys d\u2019experi\u00e8ncia , disposades constantment a &hellip; <a href=\"http:\/\/www.llardinfantsloreneta.cat\/index.php\/lequip\/\">Sigue leyendo <span class=\"meta-nav\">&rarr;<\/span><\/a><\/p>\n","protected":false},"author":1,"featured_media":228,"parent":0,"menu_order":0,"comment_status":"closed","ping_status":"closed","template":"","meta":{"footnotes":""},"class_list":["post-31","page","type-page","status-publish","has-post-thumbnail","hentry"],"_links":{"self":[{"href":"http:\/\/www.llardinfantsloreneta.cat\/index.php\/wp-json\/wp\/v2\/pages\/31","targetHints":{"allow":["GET"]}}],"collection":[{"href":"http:\/\/www.llardinfantsloreneta.cat\/index.php\/wp-json\/wp\/v2\/pages"}],"about":[{"href":"http:\/\/www.llardinfantsloreneta.cat\/index.php\/wp-json\/wp\/v2\/types\/page"}],"author":[{"embeddable":true,"href":"http:\/\/www.llardinfantsloreneta.cat\/index.php\/wp-json\/wp\/v2\/users\/1"}],"replies":[{"embeddable":true,"href":"http:\/\/www.llardinfantsloreneta.cat\/index.php\/wp-json\/wp\/v2\/comments?post=31"}],"version-history":[{"count":2,"href":"http:\/\/www.llardinfantsloreneta.cat\/index.php\/wp-json\/wp\/v2\/pages\/31\/revisions"}],"predecessor-version":[{"id":143,"href":"http:\/\/www.llardinfantsloreneta.cat\/index.php\/wp-json\/wp\/v2\/pages\/31\/revisions\/143"}],"wp:featuredmedia":[{"embeddable":true,"href":"http:\/\/www.llardinfantsloreneta.cat\/index.php\/wp-json\/wp\/v2\/media\/228"}],"wp:attachment":[{"href":"http:\/\/www.llardinfantsloreneta.cat\/index.php\/wp-json\/wp\/v2\/media?parent=31"}],"curies":[{"name":"wp","href":"https:\/\/api.w.org\/{rel}","templated":true}]}}

<p class="has-text-color has-link-color wp-elements-b2a2ae2d98100830fa103d74a9f6c341" style="color:#328052">El nostre equip està format per sis  professionals de l’educació, quatre tenen la titulació de tècnic superior en educació infantil i dos la de magisteri especialitzat en educació infantil.<br>Som un equip de persones amb anys d’experiència , disposades constantment a renovar-nos per dur a terme el nostre projecte educatiu d’una forma activa.</p>



<p class="has-text-color has-link-color wp-elements-32d15fd91c9ec43bd607fcf8161b950e" style="color:#328052">Ens divertim ensenyant !!</p>

<p>El nostre equip està format per sis  professionals de l’educació, quatre tenen la titulació de tècnic superior en educació infantil i dos la de magisteri especialitzat en educació infantil.Som un equip de persones amb anys d’experiència , disposades constantment a &hellip; <a href="http://www.llardinfantsloreneta.cat/index.php/lequip/">Sigue leyendo <span class="meta-nav">&rarr;</span></a></p>
