{"id":29,"date":"2025-11-25T10:32:10","date_gmt":"2025-11-25T10:32:10","guid":{"rendered":"http:\/\/www.llardinfantsloreneta.cat\/?page_id=29"},"modified":"2025-11-25T11:46:04","modified_gmt":"2025-11-25T11:46:04","slug":"les-families","status":"publish","type":"page","link":"http:\/\/www.llardinfantsloreneta.cat\/index.php\/les-families\/","title":{"rendered":"LES FAMILIES"},"content":{"rendered":"\n<p class=\"has-text-color has-link-color wp-elements-25b779fa74718aa9bc735789cd8761fd\" style=\"color:#14a474\">L\u2019educaci\u00f3 dels infants \u00e9s una compet\u00e8ncia compartida entre pares, mares i docents.<br>Les fam\u00edlies i l\u2019escola tenim un objectiu com\u00fa, col\u2022laborar de manera activa en l\u2019educaci\u00f3 de la canalla.<br>La fam\u00edlia ha de ser part integrant de l\u2019escola, per aix\u00f2 facilitem i promovem els canals de comunicaci\u00f3 i participaci\u00f3 :<\/p>\n\n\n\n<p class=\"has-text-color has-link-color wp-elements-2e18b44d4f8e62da4d61a17eb806ddd9\" style=\"color:#14a474\"><strong>2.1 Panells informatius<\/strong><br>L\u2019escola disposa de diferents espais on informem a la fam\u00edlia de festes, trobades, activitats, xerrades\u2026 Hi ha un panell informatiu general a l\u2019entrada de l\u2019escola i a les classes.&nbsp;<\/p>\n\n\n\n<p class=\"has-text-color has-link-color wp-elements-adfbbf896d242bc7e9df77776de52a42\" style=\"color:#14a474\"><strong>2.2 Entrevistes.<\/strong><br>Fem sempre una entrevista al inici\u00e0 l\u2019escolaritzaci\u00f3 entre els pares i les mestres per con\u00e8ixer l\u2019infant, I una altre entrevista&nbsp; durant el curs per posar idees en com\u00fa entre pares i educadors<\/p>\n\n\n\n<p class=\"has-text-color has-link-color wp-elements-a08a4df9299f30164fe30ba550dfe869\" style=\"color:#14a474\"><strong>2.3 Reuni\u00f3 de classe<\/strong><br>Trobada on parlem de temes pedag\u00f2gics, del moment evolutiu dels infants i presentem les diferents situacions d\u2019aprenentatge&nbsp; que tenim&nbsp; pensades per portar a terme amb el grup . Aquesta reuni\u00f3 la fem a finals de setembre quan hem acabat el per\u00edode de familiaritzaci\u00f3. .<\/p>\n\n\n\n<p class=\"has-text-color has-link-color wp-elements-590b21e115eb6bea3d1c0215824e2394\" style=\"color:#14a474\"><strong>2.4 Grup de WhatsApp de cada classe<\/strong><br>Cada classe tenim un grup de wassap de pares i mestres , on les mestres pengem fotografies d\u2019activitats , experimentacions , jocs \u2026 i els pares comentaris sobre les mateixes.<\/p>\n\n\n\n<p class=\"has-text-color has-link-color wp-elements-a823a3735d0b7cd8a0d7b9184179506f\" style=\"color:#14a474\"><strong>2.5 Festes populars<\/strong><br>Les fam\u00edlies participen i col\u2022laboren en la festa de Nadal i en la festa de graduaci\u00f3. La festa de graduaci\u00f3 \u00e9s una festa de comiat pels alumnes que el curs seg\u00fcent passen a l\u2019escola , la fem a finals de juny abans no marxi ning\u00fa de vacances.<\/p>\n\n\n\n<p class=\"has-text-color has-link-color wp-elements-4144819aef705e8c51f1624794659c47\" style=\"color:#14a474\"><strong>2.6 Consell Escolar de centre<\/strong><br>\u00c9s l\u2019\u00f2rgan de participaci\u00f3 del centre. Els representants s\u00f3n pares, mares, mestres, personal de serveis, i un representant de l\u2019Ajuntament de La Bisbal del Pened\u00e8s.<\/p>\n","protected":false},"excerpt":{"rendered":"<p>L\u2019educaci\u00f3 dels infants \u00e9s una compet\u00e8ncia compartida entre pares, mares i docents.Les fam\u00edlies i l\u2019escola tenim un objectiu com\u00fa, col\u2022laborar de manera activa en l\u2019educaci\u00f3 de la canalla.La fam\u00edlia ha de ser part integrant de l\u2019escola, per aix\u00f2 facilitem i &hellip; <a href=\"http:\/\/www.llardinfantsloreneta.cat\/index.php\/les-families\/\">Sigue leyendo <span class=\"meta-nav\">&rarr;<\/span><\/a><\/p>\n","protected":false},"author":1,"featured_media":76,"parent":0,"menu_order":0,"comment_status":"closed","ping_status":"closed","template":"","meta":{"footnotes":""},"class_list":["post-29","page","type-page","status-publish","has-post-thumbnail","hentry"],"_links":{"self":[{"href":"http:\/\/www.llardinfantsloreneta.cat\/index.php\/wp-json\/wp\/v2\/pages\/29","targetHints":{"allow":["GET"]}}],"collection":[{"href":"http:\/\/www.llardinfantsloreneta.cat\/index.php\/wp-json\/wp\/v2\/pages"}],"about":[{"href":"http:\/\/www.llardinfantsloreneta.cat\/index.php\/wp-json\/wp\/v2\/types\/page"}],"author":[{"embeddable":true,"href":"http:\/\/www.llardinfantsloreneta.cat\/index.php\/wp-json\/wp\/v2\/users\/1"}],"replies":[{"embeddable":true,"href":"http:\/\/www.llardinfantsloreneta.cat\/index.php\/wp-json\/wp\/v2\/comments?post=29"}],"version-history":[{"count":2,"href":"http:\/\/www.llardinfantsloreneta.cat\/index.php\/wp-json\/wp\/v2\/pages\/29\/revisions"}],"predecessor-version":[{"id":98,"href":"http:\/\/www.llardinfantsloreneta.cat\/index.php\/wp-json\/wp\/v2\/pages\/29\/revisions\/98"}],"wp:featuredmedia":[{"embeddable":true,"href":"http:\/\/www.llardinfantsloreneta.cat\/index.php\/wp-json\/wp\/v2\/media\/76"}],"wp:attachment":[{"href":"http:\/\/www.llardinfantsloreneta.cat\/index.php\/wp-json\/wp\/v2\/media?parent=29"}],"curies":[{"name":"wp","href":"https:\/\/api.w.org\/{rel}","templated":true}]}}

<p class="has-text-color has-link-color wp-elements-25b779fa74718aa9bc735789cd8761fd" style="color:#14a474">L’educació dels infants és una competència compartida entre pares, mares i docents.<br>Les famílies i l’escola tenim un objectiu comú, col•laborar de manera activa en l’educació de la canalla.<br>La família ha de ser part integrant de l’escola, per això facilitem i promovem els canals de comunicació i participació :</p>



<p class="has-text-color has-link-color wp-elements-2e18b44d4f8e62da4d61a17eb806ddd9" style="color:#14a474"><strong>2.1 Panells informatius</strong><br>L’escola disposa de diferents espais on informem a la família de festes, trobades, activitats, xerrades… Hi ha un panell informatiu general a l’entrada de l’escola i a les classes.&nbsp;</p>



<p class="has-text-color has-link-color wp-elements-adfbbf896d242bc7e9df77776de52a42" style="color:#14a474"><strong>2.2 Entrevistes.</strong><br>Fem sempre una entrevista al inicià l’escolarització entre els pares i les mestres per conèixer l’infant, I una altre entrevista&nbsp; durant el curs per posar idees en comú entre pares i educadors</p>



<p class="has-text-color has-link-color wp-elements-a08a4df9299f30164fe30ba550dfe869" style="color:#14a474"><strong>2.3 Reunió de classe</strong><br>Trobada on parlem de temes pedagògics, del moment evolutiu dels infants i presentem les diferents situacions d’aprenentatge&nbsp; que tenim&nbsp; pensades per portar a terme amb el grup . Aquesta reunió la fem a finals de setembre quan hem acabat el període de familiarització. .</p>



<p class="has-text-color has-link-color wp-elements-590b21e115eb6bea3d1c0215824e2394" style="color:#14a474"><strong>2.4 Grup de WhatsApp de cada classe</strong><br>Cada classe tenim un grup de wassap de pares i mestres , on les mestres pengem fotografies d’activitats , experimentacions , jocs … i els pares comentaris sobre les mateixes.</p>



<p class="has-text-color has-link-color wp-elements-a823a3735d0b7cd8a0d7b9184179506f" style="color:#14a474"><strong>2.5 Festes populars</strong><br>Les famílies participen i col•laboren en la festa de Nadal i en la festa de graduació. La festa de graduació és una festa de comiat pels alumnes que el curs següent passen a l’escola , la fem a finals de juny abans no marxi ningú de vacances.</p>



<p class="has-text-color has-link-color wp-elements-4144819aef705e8c51f1624794659c47" style="color:#14a474"><strong>2.6 Consell Escolar de centre</strong><br>És l’òrgan de participació del centre. Els representants són pares, mares, mestres, personal de serveis, i un representant de l’Ajuntament de La Bisbal del Penedès.</p>

<p>L’educació dels infants és una competència compartida entre pares, mares i docents.Les famílies i l’escola tenim un objectiu comú, col•laborar de manera activa en l’educació de la canalla.La família ha de ser part integrant de l’escola, per això facilitem i &hellip; <a href="http://www.llardinfantsloreneta.cat/index.php/les-families/">Sigue leyendo <span class="meta-nav">&rarr;</span></a></p>
