{"id":25,"date":"2025-11-25T10:30:32","date_gmt":"2025-11-25T10:30:32","guid":{"rendered":"http:\/\/www.llardinfantsloreneta.cat\/?page_id=25"},"modified":"2025-11-25T11:46:33","modified_gmt":"2025-11-25T11:46:33","slug":"linfant","status":"publish","type":"page","link":"http:\/\/www.llardinfantsloreneta.cat\/index.php\/linfant\/","title":{"rendered":"L&#8217;INFANT"},"content":{"rendered":"\n<p class=\"has-text-color has-link-color wp-elements-31369832ada1b3d55011408c376859a5\" style=\"color:#d60cd2\">Entenem l\u2019infant com un \u00e9sser \u00fanic, potent, competent, ric en possibilitats, ple de drets\u2026 i amb unes necessitats b\u00e0siques que els adults hem de cobrir de la manera m\u00e9s enriquidora possible.<br>Cada infant \u00e9s \u00fanic i diferent a l\u2019altre i \u00e9s per aix\u00f2 que respectem la individualitat de cada un d\u2019ells i elles. Tots i cadascun dels infants s\u00f3n atesos en la seva diversitat, en un clima de valoraci\u00f3 i de respecte i de comprensi\u00f3 de les difer\u00e8ncies.<\/p>\n\n\n\n<p class=\"has-text-color has-link-color wp-elements-b28294256774e1fe67da0d170e69c27d\" style=\"color:#d60cd2\">Observem i escoltem el que manifesta l\u2019infant (reaccions, demandes, gestos, silencis, accions) per poder donar-li una resposta individualitzada , per saber qu\u00e8 li passa, per acompanyar-lo i donar-li la oportunitat de con\u00e8ixer-se a ell\/a mateix\/a.<\/p>\n\n\n\n<p class=\"has-text-color has-link-color wp-elements-595f77b35851dd468b0658345e4f3544\" style=\"color:#d60cd2\">Acompanyem el creixement de cada infant i sobretot valorem i donem suport a la seva autonomia, proporcionant respostes que li aportin seguretat.<br>Creiem en l\u2019infant com un \u00e9sser actiu, protagonista del seu propi aprenentatge.<\/p>\n\n\n\n<p class=\"has-text-color has-link-color wp-elements-7f7722dab14a23bca18b0fd7a6035e5f\" style=\"color:#d60cd2\"><\/p>\n","protected":false},"excerpt":{"rendered":"<p>Entenem l\u2019infant com un \u00e9sser \u00fanic, potent, competent, ric en possibilitats, ple de drets\u2026 i amb unes necessitats b\u00e0siques que els adults hem de cobrir de la manera m\u00e9s enriquidora possible.Cada infant \u00e9s \u00fanic i diferent a l\u2019altre i \u00e9s &hellip; <a href=\"http:\/\/www.llardinfantsloreneta.cat\/index.php\/linfant\/\">Sigue leyendo <span class=\"meta-nav\">&rarr;<\/span><\/a><\/p>\n","protected":false},"author":1,"featured_media":99,"parent":0,"menu_order":0,"comment_status":"closed","ping_status":"closed","template":"","meta":{"footnotes":""},"class_list":["post-25","page","type-page","status-publish","has-post-thumbnail","hentry"],"_links":{"self":[{"href":"http:\/\/www.llardinfantsloreneta.cat\/index.php\/wp-json\/wp\/v2\/pages\/25","targetHints":{"allow":["GET"]}}],"collection":[{"href":"http:\/\/www.llardinfantsloreneta.cat\/index.php\/wp-json\/wp\/v2\/pages"}],"about":[{"href":"http:\/\/www.llardinfantsloreneta.cat\/index.php\/wp-json\/wp\/v2\/types\/page"}],"author":[{"embeddable":true,"href":"http:\/\/www.llardinfantsloreneta.cat\/index.php\/wp-json\/wp\/v2\/users\/1"}],"replies":[{"embeddable":true,"href":"http:\/\/www.llardinfantsloreneta.cat\/index.php\/wp-json\/wp\/v2\/comments?post=25"}],"version-history":[{"count":2,"href":"http:\/\/www.llardinfantsloreneta.cat\/index.php\/wp-json\/wp\/v2\/pages\/25\/revisions"}],"predecessor-version":[{"id":33,"href":"http:\/\/www.llardinfantsloreneta.cat\/index.php\/wp-json\/wp\/v2\/pages\/25\/revisions\/33"}],"wp:featuredmedia":[{"embeddable":true,"href":"http:\/\/www.llardinfantsloreneta.cat\/index.php\/wp-json\/wp\/v2\/media\/99"}],"wp:attachment":[{"href":"http:\/\/www.llardinfantsloreneta.cat\/index.php\/wp-json\/wp\/v2\/media?parent=25"}],"curies":[{"name":"wp","href":"https:\/\/api.w.org\/{rel}","templated":true}]}}

<p class="has-text-color has-link-color wp-elements-31369832ada1b3d55011408c376859a5" style="color:#d60cd2">Entenem l’infant com un ésser únic, potent, competent, ric en possibilitats, ple de drets… i amb unes necessitats bàsiques que els adults hem de cobrir de la manera més enriquidora possible.<br>Cada infant és únic i diferent a l’altre i és per això que respectem la individualitat de cada un d’ells i elles. Tots i cadascun dels infants són atesos en la seva diversitat, en un clima de valoració i de respecte i de comprensió de les diferències.</p>



<p class="has-text-color has-link-color wp-elements-b28294256774e1fe67da0d170e69c27d" style="color:#d60cd2">Observem i escoltem el que manifesta l’infant (reaccions, demandes, gestos, silencis, accions) per poder donar-li una resposta individualitzada , per saber què li passa, per acompanyar-lo i donar-li la oportunitat de conèixer-se a ell/a mateix/a.</p>



<p class="has-text-color has-link-color wp-elements-595f77b35851dd468b0658345e4f3544" style="color:#d60cd2">Acompanyem el creixement de cada infant i sobretot valorem i donem suport a la seva autonomia, proporcionant respostes que li aportin seguretat.<br>Creiem en l’infant com un ésser actiu, protagonista del seu propi aprenentatge.</p>



<p class="has-text-color has-link-color wp-elements-7f7722dab14a23bca18b0fd7a6035e5f" style="color:#d60cd2"></p>

<p>Entenem l’infant com un ésser únic, potent, competent, ric en possibilitats, ple de drets… i amb unes necessitats bàsiques que els adults hem de cobrir de la manera més enriquidora possible.Cada infant és únic i diferent a l’altre i és &hellip; <a href="http://www.llardinfantsloreneta.cat/index.php/linfant/">Sigue leyendo <span class="meta-nav">&rarr;</span></a></p>
