{"id":2,"date":"2025-08-21T13:12:49","date_gmt":"2025-08-21T13:12:49","guid":{"rendered":"http:\/\/www.llardinfantsloreneta.cat\/?page_id=2"},"modified":"2026-04-17T09:04:06","modified_gmt":"2026-04-17T09:04:06","slug":"pagina-ejemplo","status":"publish","type":"page","link":"http:\/\/www.llardinfantsloreneta.cat\/","title":{"rendered":"PREINSCRIPCIONS 2026-2027"},"content":{"rendered":"\n<p class=\"has-medium-font-size\">Les preinscripcions a la nostra llar seran del 8 al 22 de maig. L&#8217;horari de recollir les sol\u00b7licituds ser\u00e0 : de 10:00 h. a 11:00 h. pel mat\u00ed i de 15:00 a 16:30 h. per la tarda.<\/p>\n\n\n\n<p><\/p>\n\n\n\n<p class=\"has-black-color has-light-green-cyan-to-vivid-green-cyan-gradient-background has-text-color has-background has-link-color has-medium-font-size wp-elements-f3d52f663c28b5fef6b99d26261032dd\">&nbsp;Abans d\u2019aix\u00f2 podeu venir el dimarts 5 de maig&nbsp; a partir de les 17:30 hores que farem la jornada de portes obertes perqu\u00e8 &nbsp;podeu con\u00e8ixer la nostra escola , la nostra manera de treballar i a nosaltres .<\/p>\n\n\n\n<p class=\"has-medium-font-size\">&nbsp;En aquest enlla\u00e7 trobareu el calendari i els terminis per fer la preinscripci\u00f3 .<a href=\"https:\/\/preinscripcio.gencat.cat\/ca\/estudis\/infantil-0-3\/informat\/calendari\/\">https:\/\/preinscripcio.gencat.cat\/ca\/estudis\/infantil-0-3\/informat\/calendari\/<\/a><\/p>\n\n\n\n<p class=\"has-medium-font-size\">La preinscripci\u00f3 es fa a la llar d&#8217;infants i la matriculaci\u00f3 a l&#8217;Ajuntament de La Bisbal del Pened\u00e8s del 16 al 25 de Juny.<\/p>\n\n\n\n<p class=\"has-medium-font-size\">En aquest altre enlla\u00e7 trobareu la documentaci\u00f3 que es necessita per fer la preinscripci\u00f3 i la matricula. <a href=\"https:\/\/preinscripcio.gencat.cat\/ca\/estudis\/infantil-0-3\/informat\/prepara-documentacio\/\">https:\/\/preinscripcio.gencat.cat\/ca\/estudis\/infantil-0-3\/informat\/prepara-documentacio\/<\/a><\/p>\n\n\n<div class=\"wp-block-image\">\n<figure class=\"aligncenter size-large is-resized\"><img loading=\"lazy\" decoding=\"async\" width=\"724\" height=\"1024\" src=\"http:\/\/www.llardinfantsloreneta.cat\/wp-content\/uploads\/2026\/04\/WhatsApp-Image-2026-04-16-at-11.56.48-1-724x1024.jpeg\" alt=\"\" class=\"wp-image-242\" style=\"aspect-ratio:0.6721056322369884;width:242px;height:auto\" srcset=\"http:\/\/www.llardinfantsloreneta.cat\/wp-content\/uploads\/2026\/04\/WhatsApp-Image-2026-04-16-at-11.56.48-1-724x1024.jpeg 724w, http:\/\/www.llardinfantsloreneta.cat\/wp-content\/uploads\/2026\/04\/WhatsApp-Image-2026-04-16-at-11.56.48-1-212x300.jpeg 212w, http:\/\/www.llardinfantsloreneta.cat\/wp-content\/uploads\/2026\/04\/WhatsApp-Image-2026-04-16-at-11.56.48-1-768x1086.jpeg 768w, http:\/\/www.llardinfantsloreneta.cat\/wp-content\/uploads\/2026\/04\/WhatsApp-Image-2026-04-16-at-11.56.48-1-1086x1536.jpeg 1086w, http:\/\/www.llardinfantsloreneta.cat\/wp-content\/uploads\/2026\/04\/WhatsApp-Image-2026-04-16-at-11.56.48-1.jpeg 1240w\" sizes=\"auto, (max-width: 724px) 100vw, 724px\" \/><\/figure>\n<\/div>\n\n\n<p><\/p>\n","protected":false},"excerpt":{"rendered":"<p>Les preinscripcions a la nostra llar seran del 8 al 22 de maig. L&#8217;horari de recollir les sol\u00b7licituds ser\u00e0 : de 10:00 h. a 11:00 h. pel mat\u00ed i de 15:00 a 16:30 h. per la tarda. &nbsp;Abans d\u2019aix\u00f2 podeu &hellip; <a href=\"http:\/\/www.llardinfantsloreneta.cat\/\">Sigue leyendo <span class=\"meta-nav\">&rarr;<\/span><\/a><\/p>\n","protected":false},"author":1,"featured_media":217,"parent":0,"menu_order":0,"comment_status":"closed","ping_status":"open","template":"","meta":{"footnotes":""},"class_list":["post-2","page","type-page","status-publish","has-post-thumbnail","hentry"],"_links":{"self":[{"href":"http:\/\/www.llardinfantsloreneta.cat\/index.php\/wp-json\/wp\/v2\/pages\/2","targetHints":{"allow":["GET"]}}],"collection":[{"href":"http:\/\/www.llardinfantsloreneta.cat\/index.php\/wp-json\/wp\/v2\/pages"}],"about":[{"href":"http:\/\/www.llardinfantsloreneta.cat\/index.php\/wp-json\/wp\/v2\/types\/page"}],"author":[{"embeddable":true,"href":"http:\/\/www.llardinfantsloreneta.cat\/index.php\/wp-json\/wp\/v2\/users\/1"}],"replies":[{"embeddable":true,"href":"http:\/\/www.llardinfantsloreneta.cat\/index.php\/wp-json\/wp\/v2\/comments?post=2"}],"version-history":[{"count":22,"href":"http:\/\/www.llardinfantsloreneta.cat\/index.php\/wp-json\/wp\/v2\/pages\/2\/revisions"}],"predecessor-version":[{"id":243,"href":"http:\/\/www.llardinfantsloreneta.cat\/index.php\/wp-json\/wp\/v2\/pages\/2\/revisions\/243"}],"wp:featuredmedia":[{"embeddable":true,"href":"http:\/\/www.llardinfantsloreneta.cat\/index.php\/wp-json\/wp\/v2\/media\/217"}],"wp:attachment":[{"href":"http:\/\/www.llardinfantsloreneta.cat\/index.php\/wp-json\/wp\/v2\/media?parent=2"}],"curies":[{"name":"wp","href":"https:\/\/api.w.org\/{rel}","templated":true}]}}

<p class="has-medium-font-size">Les preinscripcions a la nostra llar seran del 8 al 22 de maig. L&#8217;horari de recollir les sol·licituds serà : de 10:00 h. a 11:00 h. pel matí i de 15:00 a 16:30 h. per la tarda.</p>



<p></p>



<p class="has-black-color has-light-green-cyan-to-vivid-green-cyan-gradient-background has-text-color has-background has-link-color has-medium-font-size wp-elements-f3d52f663c28b5fef6b99d26261032dd">&nbsp;Abans d’això podeu venir el dimarts 5 de maig&nbsp; a partir de les 17:30 hores que farem la jornada de portes obertes perquè &nbsp;podeu conèixer la nostra escola , la nostra manera de treballar i a nosaltres .</p>



<p class="has-medium-font-size">&nbsp;En aquest enllaç trobareu el calendari i els terminis per fer la preinscripció .<a href="https://preinscripcio.gencat.cat/ca/estudis/infantil-0-3/informat/calendari/">https://preinscripcio.gencat.cat/ca/estudis/infantil-0-3/informat/calendari/</a></p>



<p class="has-medium-font-size">La preinscripció es fa a la llar d&#8217;infants i la matriculació a l&#8217;Ajuntament de La Bisbal del Penedès del 16 al 25 de Juny.</p>



<p class="has-medium-font-size">En aquest altre enllaç trobareu la documentació que es necessita per fer la preinscripció i la matricula. <a href="https://preinscripcio.gencat.cat/ca/estudis/infantil-0-3/informat/prepara-documentacio/">https://preinscripcio.gencat.cat/ca/estudis/infantil-0-3/informat/prepara-documentacio/</a></p>


<div class="wp-block-image">
<figure class="aligncenter size-large is-resized"><img loading="lazy" decoding="async" width="724" height="1024" src="http://www.llardinfantsloreneta.cat/wp-content/uploads/2026/04/WhatsApp-Image-2026-04-16-at-11.56.48-1-724x1024.jpeg" alt="" class="wp-image-242" style="aspect-ratio:0.6721056322369884;width:242px;height:auto" srcset="http://www.llardinfantsloreneta.cat/wp-content/uploads/2026/04/WhatsApp-Image-2026-04-16-at-11.56.48-1-724x1024.jpeg 724w, http://www.llardinfantsloreneta.cat/wp-content/uploads/2026/04/WhatsApp-Image-2026-04-16-at-11.56.48-1-212x300.jpeg 212w, http://www.llardinfantsloreneta.cat/wp-content/uploads/2026/04/WhatsApp-Image-2026-04-16-at-11.56.48-1-768x1086.jpeg 768w, http://www.llardinfantsloreneta.cat/wp-content/uploads/2026/04/WhatsApp-Image-2026-04-16-at-11.56.48-1-1086x1536.jpeg 1086w, http://www.llardinfantsloreneta.cat/wp-content/uploads/2026/04/WhatsApp-Image-2026-04-16-at-11.56.48-1.jpeg 1240w" sizes="auto, (max-width: 724px) 100vw, 724px" /></figure>
</div>


<p></p>

<p>Les preinscripcions a la nostra llar seran del 8 al 22 de maig. L&#8217;horari de recollir les sol·licituds serà : de 10:00 h. a 11:00 h. pel matí i de 15:00 a 16:30 h. per la tarda. &nbsp;Abans d’això podeu &hellip; <a href="http://www.llardinfantsloreneta.cat/">Sigue leyendo <span class="meta-nav">&rarr;</span></a></p>
