{"id":12,"date":"2025-09-10T09:03:17","date_gmt":"2025-09-10T09:03:17","guid":{"rendered":"http:\/\/www.llardinfantsloreneta.cat\/?page_id=12"},"modified":"2026-04-16T09:22:32","modified_gmt":"2026-04-16T09:22:32","slug":"qui-som","status":"publish","type":"page","link":"http:\/\/www.llardinfantsloreneta.cat\/index.php\/qui-som\/","title":{"rendered":"QUI SOM?"},"content":{"rendered":"\n<p><strong>INICI<\/strong><\/p>\n\n\n\n<p>La llar d\u2019infants L\u2019ORENETA&nbsp; som un centre educatiu de titularitat municipal , l\u2019Ajuntament de La Bisbal del Pened\u00e8s n\u2019\u00e9s el seu gestor directe ,&nbsp; que acull a infants des dels 4 &nbsp;mesos fins als 3 anys .<\/p>\n\n\n\n<p><strong>La nostre prioritat \u00e9s fer de la llar un lloc de vida qualificada pels nostres alumnes. Vetllem\u00a0 per \u00a0establir una relaci\u00f3 afectiva i estimuladora entre els nostres alumnes i nosaltres , i per implicar a les fam\u00edlies en el dia a dia del centre creant vincles de complicitat i confian\u00e7a m\u00fatua.<\/strong><\/p>\n\n\n\n<p>\u00c9s des de l&#8217;afecte, l&#8217;alegria i la professionalitat que treballem perqu\u00e8 els nens i nenes de l&#8217;escola creixin feli\u00e7os i desenvolupin totes les seves capacitats.<\/p>\n\n\n\n<p><strong>La nostra finalitat \u00e9s contribuir al desenvolupament&nbsp; emocional ,f\u00edsic ,social i cognitiu dels infants amb col\u00b7laboraci\u00f3 amb les fam\u00edlies.<\/strong><\/p>\n","protected":false},"excerpt":{"rendered":"<p>INICI La llar d\u2019infants L\u2019ORENETA&nbsp; som un centre educatiu de titularitat municipal , l\u2019Ajuntament de La Bisbal del Pened\u00e8s n\u2019\u00e9s el seu gestor directe ,&nbsp; que acull a infants des dels 4 &nbsp;mesos fins als 3 anys . La nostre &hellip; <a href=\"http:\/\/www.llardinfantsloreneta.cat\/index.php\/qui-som\/\">Sigue leyendo <span class=\"meta-nav\">&rarr;<\/span><\/a><\/p>\n","protected":false},"author":1,"featured_media":229,"parent":0,"menu_order":0,"comment_status":"closed","ping_status":"closed","template":"","meta":{"footnotes":""},"class_list":["post-12","page","type-page","status-publish","has-post-thumbnail","hentry"],"_links":{"self":[{"href":"http:\/\/www.llardinfantsloreneta.cat\/index.php\/wp-json\/wp\/v2\/pages\/12","targetHints":{"allow":["GET"]}}],"collection":[{"href":"http:\/\/www.llardinfantsloreneta.cat\/index.php\/wp-json\/wp\/v2\/pages"}],"about":[{"href":"http:\/\/www.llardinfantsloreneta.cat\/index.php\/wp-json\/wp\/v2\/types\/page"}],"author":[{"embeddable":true,"href":"http:\/\/www.llardinfantsloreneta.cat\/index.php\/wp-json\/wp\/v2\/users\/1"}],"replies":[{"embeddable":true,"href":"http:\/\/www.llardinfantsloreneta.cat\/index.php\/wp-json\/wp\/v2\/comments?post=12"}],"version-history":[{"count":3,"href":"http:\/\/www.llardinfantsloreneta.cat\/index.php\/wp-json\/wp\/v2\/pages\/12\/revisions"}],"predecessor-version":[{"id":170,"href":"http:\/\/www.llardinfantsloreneta.cat\/index.php\/wp-json\/wp\/v2\/pages\/12\/revisions\/170"}],"wp:featuredmedia":[{"embeddable":true,"href":"http:\/\/www.llardinfantsloreneta.cat\/index.php\/wp-json\/wp\/v2\/media\/229"}],"wp:attachment":[{"href":"http:\/\/www.llardinfantsloreneta.cat\/index.php\/wp-json\/wp\/v2\/media?parent=12"}],"curies":[{"name":"wp","href":"https:\/\/api.w.org\/{rel}","templated":true}]}}

<p><strong>INICI</strong></p>



<p>La llar d’infants L’ORENETA&nbsp; som un centre educatiu de titularitat municipal , l’Ajuntament de La Bisbal del Penedès n’és el seu gestor directe ,&nbsp; que acull a infants des dels 4 &nbsp;mesos fins als 3 anys .</p>



<p><strong>La nostre prioritat és fer de la llar un lloc de vida qualificada pels nostres alumnes. Vetllem  per  establir una relació afectiva i estimuladora entre els nostres alumnes i nosaltres , i per implicar a les famílies en el dia a dia del centre creant vincles de complicitat i confiança mútua.</strong></p>



<p>És des de l&#8217;afecte, l&#8217;alegria i la professionalitat que treballem perquè els nens i nenes de l&#8217;escola creixin feliços i desenvolupin totes les seves capacitats.</p>



<p><strong>La nostra finalitat és contribuir al desenvolupament&nbsp; emocional ,físic ,social i cognitiu dels infants amb col·laboració amb les famílies.</strong></p>

<p>INICI La llar d’infants L’ORENETA&nbsp; som un centre educatiu de titularitat municipal , l’Ajuntament de La Bisbal del Penedès n’és el seu gestor directe ,&nbsp; que acull a infants des dels 4 &nbsp;mesos fins als 3 anys . La nostre &hellip; <a href="http://www.llardinfantsloreneta.cat/index.php/qui-som/">Sigue leyendo <span class="meta-nav">&rarr;</span></a></p>
